base 11) to base 5
1214
What is -112 (base 3) in base 10?
-14
What is 3d (base 15) in base 16?
3a
What is -1 (base 9) in base 13?
-1
2 (base 6) to base 12
2
What is 10 (base 8) in base 10?
8
What is -1 (base 7) in base 16?
-1
Convert -3 (base 12) to base 14.
-3
Convert 10 (base 3) to base 8.
3
Convert -24 (base 15) to base 3.
-1021
What is -2 (base 12) in base 9?
-2
What is 7 (base 8) in base 11?
7
What is 4 (base 10) in base 3?
11
-211 (base 4) to base 11
-34
4 (base 13) to base 14
4
Convert -4 (base 9) to base 3.
-11
What is 0 (base 11) in base 7?
0
What is 15 (base 7) in base 15?
c
What is 8e (base 16) in base 4?
2032
What is -221 (base 4) in base 7?
-56
Convert -41 (base 8) to base 3.
-1020
Convert 2 (base 4) to base 9.
2
What is 145 (base 7) in base 2?
1010010
Convert -11112 (base 3) to base 13.
-95
What is 3 (base 16) in base 13?
3
What is -31 (base 7) in base 9?
-24
-10111 (base 2) to base 4
-113
Convert -1 (base 4) to base 8.
-1
11 (base 4) to base 11
5
3 (base 11) to base 3
10
What is -10111 (base 2) in base 7?
-32
Convert -2 (base 14) to base 8.
-2
What is 56 (base 7) in base 14?
2d
-4 (base 15) to base 3
-11
2 (base 5) to base 15
2
Convert 36 (base 7) to base 2.
11011
7 (base 9) to base 6
11
Convert -4 (base 10) to base 4.
-10
-1110001 (base 2) to base 13
-89
What is -15 (base 8) in base 9?
-14
What is 2 (base 9) in base 16?
2
What is -11110100 (base 2) in base 16?
-f4
Convert 19a (base 12) to base 6.
1114
What is 13 (base 9) in base 11?
11
Convert 3 (base 9) to base 16.
3
What is -32 (base 10) in base 12?
-28
What is -7 (base 14) in base 12?
-7
-4 (base 10) to base 4
-10
Convert 115 (base 11) to base 2.
10001001
3233 (base 4) to base 10
239
What is 0 (base 9) in base 12?
0
-1 (base 16) to base 12
-1
What is 1222 (base 5) in base 8?
273
-215 (base 7) to base 15
-75
Convert -3 (base 9) to base 10.
-3
Convert -b3 (base 16) to base 14.
-cb
Convert 1023 (base 4) to base 10.
75
Convert -a0 (base 15) to base 14.
-aa
-130 (base 4) to base 7
-40
12 (base 11) to base 12
11
Convert 11 (base 10) to base 4.
23
8 (base 10) to base 16
8
2 (base 13) to base 8
2
What is -1a (base 13) in base 9?
-25
-3 (base 9) to base 2
-11
Convert -400 (base 9) to base 11.
-275
-3a (base 14) to base 12
-44
What is -110 (base 2) in base 5?
-11
What is 114 (base 11) in base 14?
9a
Convert 50 (base 8) to base 2.
101000
Convert b6 (base 14) to base 7.
316
What is -100110 (base 3) in base 14?
-143
What is 1 (base 12) in base 3?
1
-dc (base 15) to base 2
-11001111
Convert 206 (base 8) to base 9.
158
What is -2 (base 15) in base 10?
-2
-10 (base 9) to base 14
-9
Convert -12 (base 4) to base 2.
-110
What is -2 (base 16) in base 13?
-2
-10100 (base 2) to base 4
-110
1 (base 15) to base 8
1
Convert 21 (base 4) to base 14.
9
Convert -6d (base 14) to base 11.
-89
-155 (base 14) to base 7
-535
0 (base 3) to base 8
0
Convert -1 (base 10) to base 2.
-1
What is -44 (base 6) in base 2?
-11100
What is 13 (base 5) in base 13?
8
Convert -3e (base 16) to base 10.
-62
What is 100 (base 4) in base 15?
11
Convert -44 (base 10) to base 8.
-54
0 (base 14) to base 2
0
What is 2e (base 16) in base 12?
3a
What is 7 (base 9) in base 6?
11
What is -1 (base 6) in base 9?
-1
Convert 21 (base 5) to base 13.
b
What is 3 (base 14) in base 16?
3
-12a (base 14) to base 7
-453
Convert 111000 (base 2) to base 16.
38
Convert -3 (base 12) to base 2.
-11
What is 442 (base 7) in base 12?
16a
-3 (base 12) to base 3
-10
Convert -6 (base 7) to base 12.
-6
Convert -113 (base 13) to base 12.
-135
What is -101101 (base 2) in base 7?
-63
What is 4 (base 12) in base 16?
4
Convert -2 (base 14) to base 4.
-2
110 (base 5) to base 13
24
Convert -22022 (base 3) to base 8.
-340
Convert -114 (base 7) to base 14.
-44
Convert -40 (base 10) to base 11.
-37
What is 11 (base 7) in base 3?
22
What is aa (base 11) in base 3?
11110
-10 (base 6) to base 14
-6
What is -13 (base 11) in base 15?
-e
-10 (base 2) to base 9
-2
What is b (base 15) in base 12?
b
What is -49 (base 11) in base 6?
-125
Convert b9 (base 12) to base 14.
a1
What is 25 (base 6) in base 2?
10001
Convert -141 (base 6) to base 12.
-51
Convert -121 (base 4) to base 2.
-11001
Convert ee (base 16) to base 15.
10d
Convert -1344 (base 6) to base 12.
-254
-3 (base 11) to base 13
-3
What is -10 (base 10) in base 8?
-12
1220 (base 4) to base 2
1101000
Convert 2 (base 11) to base 15.
2
What is 1 (base 10) in base 7?
1
What is -60 (base 8) in base 13?
-39
What is 2 (base 7) in base 3?
2
Convert -154 (base 13) to base 14.
-130
What is -13 (base 16) in base 12?
-17
Convert 8 (base 16) to base 14.
8
What is 1 (base 11) in base 7?
1
12112 (base 3) to base 10
149
What is -9 (base 12) in base 8?
-11
Convert 16 (base 9) to base 10.
15
What is 0 (base 2) in base 11?
0
Convert 7 (base 9) to base 15.
7
Convert -12 (base 10) to base 12.
-10
Convert 95 (base 16) to base 3.
12112
What is -156 (base 8) in base 10?
-110
What is 1 (base 7) in base 16?
1
Convert -10131 (base 4) to base 9.
-346
What is -70 (base 12) in base 7?
-150
What is 3 (base 14) in base 16?
3
Convert -19 (base 11) to base 3.
-202
-1 (base 7) to base 8
-1
-24 (base 8) to base 2
-10100
What is -10100111 (base 2) in base 7?
-326
What is 11 (base 2) in base 10?
3
21 (base 9) to base 6
31
Convert 0 (base 9) to base 4.
0
Convert -3a (base 15) to base 2.
-110111
What is -54 (base 6) in base 3?
-1021
5 (base 11) to base 4
11
Convert -3 (base 16) to base 2.
-11
-7 (base 16) to base 13
-7
-10 (base 10) to base 8
-12
-13 (base 16) to base 5
-34
What is 100 (base 2) in base 11?
4
What is 1111 (base 2) in base 14?
11
What is -21 (base 13) in base 15?
-1c
-312 (base 8) to base 10
-202
453 (base 6) to base 5
1202
What is -7 (base 14) in base 8?
-7
What is 4 (base 16) in base 13?
4
23 (base 4) to base 12
b
What is 20 (base 3) in base 8?
6
What is 0 (base 11) in base 7?
0
What is 13a (base 11) in base 12?
118
What is -1002 (base 4) in base 7?
-123
Convert -213 (base 8) to base 15.
-94
What is 17 (base 9) in base 7?
22
-10 (base 4) to base 5
-4
Convert 104 (base 5) to base 14.
21
-23 (base 6) to base 2
-1111
0 (base 5) to base 12
0
What is -167 (base 13) in base 7?
-512
-15 (base 6) to base 7
-14
Convert 111010 (base 2) to base 6.
134
What is 11 (base 4) in base 10?
5
-7 (base 10) to base 2
-111
3 (base 7) to base 14
3
c (base 14) to base 10
12
-139 (base 12) to base 6
-513
26 (base 9) to base 4
120
What is 67 (base 8) in base 7?
106
Convert 0 (base 7) to base 13.
0
Convert 39 (base 15) to base 2.
110110
Convert 2 (base 7) to base 10.
2
What is -4 (base 12) in base 9?
-4
Convert -55 (base 14) to base 3.
-2210
101000 (base 2) to base 11
37
Convert 0 (base 14) to base 12.
0
-6 (base 9) to base 8
-6
-11100 (base 2) to base 5
-103
150 (base 8) to base 14
76
8 (base 15) to base 3
22
What is 14 (base 6) in base 15?
a
Convert -245 (base 8) to base 12.
-119
Convert 64 (base 12) to base 14.
56
Convert -11 (base 16) to base 4.
-101
-11 (base 8) to base 13
-9
101010 (base 2) to base 15
2c
What is -6 (base 14) in base 8?
-6
17 (base 8) to base 9
16
What is -33 (base 14) in base 13?
-36
What is 313 (base 4) in base 12?
47
What is -2d (base 14) in base 7?
-56
Convert 1041 (base 7) to base 8.
564
-41 (base 8) to base 13
-27
What is 34 (base 14) in base 10?
46
Convert -194 (base 11) to base 6.
-1012
51 (base 16) to base 12
69
Convert -322 (base 6) to base 15.
-82
-11020 (base 4) to base 16
-148
What is 1 (base 4) in base 8?
1
Convert 3 (base 9) to base 2.
11
Convert -34 (base 5) to base 10.
-19
262 (base 7) to base 11
11a
What is -2 (base 8) in base 4?
-2
-220 (base 12) to base 3
-102120
Convert -4 (base 5) to base 12.
-4
Convert -545 (base 7) to base 3.
-101022
Convert 4 (base 14) to base 12.
4
Convert 100000 (base 2) to base 7.
44
What is -75 (base 14) in base 8?
-147
152 (base 6) to base 3
2112
What is 4c (base 14) in base 6?
152
What is -20111 (base 3) in base 12?
-127
Convert -20 (base 14) to base 8.
-34
What is 0 (base 12) in base 8?
0
-142 (base 10) to base 11
-11a
-3 (base 6) to base 8
-3
26 (base 8) to base 3
211
What is -205 (base 6) in base 11?
-70
Convert 245 (base 9) to base 16.
cb
16 (base 16) to base 3
211
-20 (base 3) to base 2
-110
-106 (base 7) to base 9
-61
-5 (base 12) to base 3
-12
Convert 0 (base 3) to base 11.
0
Convert -4 (b